.
-2
0 (base 15) to base 4
0
What is -2 (base 16) in base 8?
-2
-201 (base 4) to base 16
-21
What is -66 (base 16) in base 4?
-1212
What is -3 (base 10) in base 4?
-3
11 (base 4) to base 10
5
Convert 310 (base 6) to base 2.
1110010
What is 3 (base 8) in base 4?
3
Convert 8 (base 16) to base 5.
13
Convert -3d (base 14) to base 6.
-131
Convert -1 (base 4) to base 5.
-1
Convert -d (base 15) to base 2.
-1101
What is -1 (base 4) in base 6?
-1
What is 3 (base 7) in base 6?
3
Convert -16 (base 12) to base 6.
-30
-46 (base 13) to base 8
-72
Convert 4 (base 12) to base 5.
4
Convert 2 (base 3) to base 9.
2
Convert -21 (base 3) to base 5.
-12
What is 28 (base 11) in base 12?
26
What is 33 (base 12) in base 15?
29
-32 (base 13) to base 14
-2d
What is 210 (base 11) in base 10?
253
What is -f (base 16) in base 13?
-12
Convert 222 (base 4) to base 8.
52
What is 24 (base 10) in base 14?
1a
-62 (base 12) to base 6
-202
44 (base 5) to base 9
26
-4 (base 8) to base 7
-4
What is 10 (base 3) in base 11?
3
2 (base 4) to base 5
2
-4 (base 15) to base 7
-4
Convert -424 (base 5) to base 6.
-310
2 (base 12) to base 13
2
1001110 (base 2) to base 6
210
-331 (base 4) to base 11
-56
Convert 222 (base 5) to base 3.
2022
10 (base 10) to base 5
20
What is 74 (base 8) in base 13?
48
What is 0 (base 8) in base 12?
0
-2 (base 11) to base 13
-2
11 (base 2) to base 13
3
What is b (base 16) in base 6?
15
-1 (base 16) to base 4
-1
Convert 12 (base 10) to base 14.
c
Convert -1 (base 2) to base 6.
-1
What is 23 (base 6) in base 5?
30
What is -28 (base 13) in base 12?
-2a
Convert 3b (base 12) to base 10.
47
1202 (base 4) to base 14
70
Convert 112 (base 8) to base 2.
1001010
Convert 26 (base 7) to base 3.
202
-34 (base 10) to base 12
-2a
523 (base 7) to base 2
100000110
Convert -1010010 (base 2) to base 7.
-145
Convert 8 (base 15) to base 5.
13
What is 200 (base 3) in base 13?
15
101100 (base 2) to base 16
2c
What is 10 (base 12) in base 14?
c
2a (base 11) to base 9
35
3 (base 7) to base 2
11
What is -3 (base 10) in base 4?
-3
What is -1100 (base 4) in base 3?
-2222
10 (base 2) to base 8
2
Convert -13 (base 7) to base 12.
-a
What is 16 (base 12) in base 2?
10010
What is b (base 14) in base 6?
15
What is 2 (base 16) in base 11?
2
What is 4 (base 11) in base 8?
4
Convert 1324 (base 5) to base 7.
424
-1110 (base 2) to base 7
-20
What is 3 (base 15) in base 7?
3
What is 1 (base 2) in base 4?
1
Convert 23 (base 10) to base 5.
43
-11 (base 11) to base 3
-110
What is 187 (base 9) in base 4?
2200
What is -2 (base 14) in base 15?
-2
1 (base 16) to base 4
1
24 (base 9) to base 7
31
What is -21 (base 4) in base 7?
-12
Convert 41 (base 5) to base 10.
21
-1 (base 5) to base 9
-1
1 (base 10) to base 11
1
4c (base 16) to base 9
84
Convert 4e (base 16) to base 4.
1032
What is 139 (base 10) in base 14?
9d
What is -2 (base 3) in base 4?
-2
What is -2a (base 16) in base 12?
-36
Convert -1000 (base 3) to base 8.
-33
What is -122 (base 6) in base 10?
-50
Convert -2 (base 3) to base 9.
-2
-2 (base 16) to base 6
-2
Convert 10 (base 7) to base 12.
7
What is 5 (base 8) in base 12?
5
3 (base 12) to base 2
11
9 (base 14) to base 8
11
What is -23 (base 10) in base 6?
-35
What is -530 (base 6) in base 14?
-102
3 (base 12) to base 15
3
-26 (base 14) to base 4
-202
What is 69 (base 16) in base 11?
96
e6 (base 15) to base 3
22000
Convert -441 (base 5) to base 4.
-1321
What is 15 (base 9) in base 10?
14
What is 320 (base 4) in base 6?
132
-10 (base 5) to base 12
-5
What is 1011 (base 2) in base 15?
b
Convert 110 (base 3) to base 12.
10
What is -4 (base 13) in base 3?
-11
Convert 4d (base 15) to base 12.
61
-33 (base 4) to base 14
-11
Convert -10001 (base 2) to base 10.
-17
2112 (base 4) to base 5
1100
Convert -131 (base 6) to base 8.
-67
What is 120 (base 10) in base 12?
a0
1100010 (base 2) to base 16
62
-100 (base 2) to base 4
-10
Convert 55 (base 16) to base 12.
71
What is -10 (base 14) in base 12?
-12
What is 184 (base 14) in base 5?
2222
-24 (base 8) to base 7
-26
12 (base 16) to base 3
200
Convert -d2 (base 16) to base 10.
-210
Convert 153 (base 7) to base 13.
69
What is -15 (base 9) in base 3?
-112
Convert 24 (base 12) to base 5.
103
-4 (base 10) to base 15
-4
Convert -12 (base 3) to base 7.
-5
What is -83 (base 11) in base 14?
-67
Convert 21 (base 8) to base 2.
10001
2e (base 15) to base 16
2c
What is 1 (base 2) in base 8?
1
What is -1 (base 2) in base 7?
-1
What is 0 (base 6) in base 9?
0
-1 (base 3) to base 14
-1
-55 (base 10) to base 5
-210
What is 24 (base 10) in base 15?
19
Convert -30 (base 11) to base 6.
-53
Convert -10 (base 3) to base 6.
-3
-2 (base 7) to base 6
-2
Convert -3 (base 16) to base 2.
-11
4a (base 12) to base 14
42
-52 (base 8) to base 9
-46
What is -3 (base 14) in base 8?
-3
Convert 1002 (base 3) to base 15.
1e
What is -3 (base 16) in base 6?
-3
What is -9 (base 16) in base 5?
-14
Convert 34 (base 11) to base 6.
101
What is 2 (base 14) in base 12?
2
What is 58 (base 12) in base 14?
4c
-254 (base 9) to base 8
-323
Convert 22 (base 4) to base 10.
10
What is -16 (base 8) in base 9?
-15
Convert 13 (base 9) to base 7.
15
What is 4 (base 6) in base 15?
4
What is 5 (base 12) in base 9?
5
Convert 3 (base 4) to base 3.
10
What is -101 (base 5) in base 3?
-222
Convert -5 (base 13) to base 6.
-5
-2 (base 4) to base 14
-2
What is 37 (base 11) in base 16?
28
-2 (base 10) to base 9
-2
-2 (base 6) to base 13
-2
Convert 132 (base 7) to base 12.
60
What is 5 (base 16) in base 2?
101
What is 76 (base 13) in base 3?
10121
1 (base 2) to base 9
1
Convert 111 (base 2) to base 3.
21
Convert 4 (base 8) to base 16.
4
What is 112 (base 6) in base 9?
48
-6 (base 10) to base 3
-20
-a (base 11) to base 13
-a
10 (base 4) to base 3
11
-123 (base 10) to base 8
-173
Convert -3 (base 7) to base 9.
-3
What is -279 (base 10) in base 9?
-340
What is -a7 (base 11) in base 3?
-11100
What is 1410 (base 5) in base 9?
275
-cc (base 15) to base 4
-3000
Convert -13 (base 10) to base 8.
-15
Convert 10 (base 15) to base 6.
23
2 (base 16) to base 6
2
14 (base 14) to base 11
17
-59 (base 15) to base 5
-314
-2 (base 13) to base 16
-2
What is 1 (base 4) in base 14?
1
22 (base 6) to base 13
11
d (base 16) to base 7
16
What is -4 (base 13) in base 8?
-4
Convert 1 (base 15) to base 12.
1
What is -4 (base 6) in base 3?
-11
What is -16 (base 15) in base 9?
-23
What is -27 (base 12) in base 11?
-29
What is -1 (base 12) in base 13?
-1
Convert 11 (base 7) to base 6.
12
-17 (base 9) to base 5
-31
What is -10010 (base 2) in base 8?
-22
-4 (base 10) to base 9
-4
Convert -5 (base 14) to base 16.
-5
What is -8 (base 14) in base 11?
-8
What is 12 (base 4) in base 12?
6
-10 (base 3) to base 15
-3
Convert -2 (base 9) to base 6.
-2
What is -4 (base 12) in base 16?
-4
1 (base 5) to base 2
1
What is -1112 (base 3) in base 5?
-131
Convert -11 (base 9) to base 8.
-12
Convert 323 (base 6) to base 8.
173
Convert 1000110 (base 2) to base 5.
240
What is -5 (base 14) in base 6?
-5
Convert -21 (base 4) to base 13.
-9
1 (base 13) to base 12
1
What is -35 (base 10) in base 2?
-100011
-16 (base 10) to base 14
-12
Convert 5 (base 10) to base 3.
12
-d (base 15) to base 2
-1101
Convert -17 (base 8) to base 12.
-13
What is 12 (base 6) in base 14?
8
Convert -1 (base 11) to base 7.
-1
4 (base 12) to base 4
10
Convert 4 (base 11) to base 8.
4
123 (base 5) to base 8
46
-7 (base 10) to base 11
-7
2 (base 7) to base 12
2
Convert -143 (base 6) to base 15.
-43
Convert -1 (base 5) to base 3.
-1
What is -42 (base 8) in base 10?
-34
Convert 3 (base 12) to base 15.
3
What is 1100001 (base 2) in base 8?
141
53 (base 6) to base 5
113
Convert 3 (base 11) to base 2.
11
What is 4 (base 5) in base 2?
100
What is -45 (base 10) in base 2?
-101101
What is 10 (base 3) in base 16?
3
What is 11100 (base 2) in base 12?
24
Convert -10 (base 5) to base 11.
-5
-32 (base 5) to base 14
-13
What is -4 (base 12) in base 10?
-4
20 (base 3) to base 12
6
What is 2121 (base 4) in base 12?
109
What is -14 (base 7) in base 12?
-b
54 (base 11) to base 4
323
Convert -1111101 (base 2) to base 12.
-a5
Convert -1 (base 2) to base 14.
-1
-2 (base 8) to base 15
-2
What is -6 (base 14) in base 15?
-6
77 (base 8) to base 11
58
What is -11 (base 11) in base 3?
-110
What is -19 (base 13) in base 3?
-211
What is 211 